n) = -n**3 - 22*n**2 - 4*n + 67. List the prime factors of l(-22).
5, 31
Let x be (-1)/(6/(-4) - (-1)/2). List the prime factors of x/(3/(-119))*(-6 + 3).
7, 17
Suppose -16704 = 16*z - 22*z. List the prime factors of z.
2, 3, 29
Let p = 27 - 9. Let s be 293/2 - p/(-12). Suppose -7*t + s = -3*t. List the prime factors of t.
37
Let v be ((-36)/(-24))/(3/4). Let k(x) = 3*x**2 - 2*x + 3. Let b be k(v). Suppose c = -2*h + 10, 4*c + 4 - b = 3*h. What are the prime factors of h?
3
Let z(q) = -16*q - 20. Let g be z(-3). What are the prime factors of -7*(-10)/g*-2*-6?
2, 3, 5
Let l(y) = -y**3 + 3*y**2 - y + 5. Let u be l(3). What are the prime factors of 76 + (-2)/u*-2?
2, 3, 13
Let i be -2 - 6/4*(-4)/(-6). Let t(w) = -w**2 + 4*w - 4. Let p be t(4). List the prime factors of (13 - (-2 - i)) + p.
2
Let y = 16 + -13. List the prime factors of (3 + -12)/((-40)/13 + y).
3, 13
Suppose 2*t - 3*m = -2*t + 531, -3*m - 273 = -2*t. List the prime factors of t.
3, 43
Let o = 54 - 14. Let k(w) = -1 - w - 2*w**2 + 36*w**3 - 2*w - o*w**3. What are the prime factors of k(-2)?
29
Let z(v) = 19*v - 4. Let c be 1 + (-1 - (-12)/4). List the prime factors of z(c).
53
What are the prime factors of (136/(-16))/(-2*(-2)/(-1032))?
3, 17, 43
Suppose 5*b - 3*c = -c + 14, 2*b + 5*c + 6 = 0. Let p be -601 - (0 - (-2 + 1)). What are the prime factors of (b/4)/((-7)/p)?
43
Suppose -4*r + 12*r - 64 = 0. Suppose -13*l + 100 = -r*l. What are the prime factors of l?
2, 5
Let b be (-2)/(-1) + (-40)/(-4). Let o = b - 8. Let s = o + 9. List the prime factors of s.
13
List the prime factors of 2*97 + -11 + 7 + 5.
3, 5, 13
Let t = 9 - 7. Suppose -w - 15 = t*w. Let a = w + 13. List the prime factors of a.
2
Let k = 1663 + 2174. List the prime factors of k.
3, 1279
Let x = -49 + 12. Let a = 61 + x. Let g = a + -14. List the prime factors of g.
2, 5
Let z(p) = 3 - p - 11 + 6. Let g be z(6). List the prime factors of g/2 - (-3 - 22).
3, 7
Suppose 2*k - 5*k - 5*o + 19 = 0, k - 2*o = -1. Suppose 2*n - 2 = 2*c, -2*c + k*c + 9 = -3*n. What are the prime factors of (n/3)/((-1)/54)?
2, 3
Let g be (0 - -1) + -7 + 3. List the prime factors of g/2*14/(-3).
7
Suppose -f - 4 = -0*f, 2*f = -2*z + 2. Suppose 0 = -4*c + 3*h + 367, -z*c - h = -4*c - 90. List the prime factors of c.
7, 13
What are the prime factors of 4327 - (-21)/(210/20)?
3, 13, 37
Let x(b) = b**3 - 14*b**2 - 10*b + 7. Let o(l) = 3*l - 15. Let k be o(10). What are the prime factors of x(k)?
2, 41
Let s(b) = b**3 - 14*b**2 - 9*b + 48. What are the prime factors of s(15)?
2, 3, 23
Suppose 0 = -5*z + 8*z - 24. Suppose z*y = 198 + 346. What are the prime factors of y?
2, 17
Let z(p) be the first derivative of -9*p**2 - 2*p + 20. List the prime factors of z(-4).
2, 5, 7
Let p(r) = -2*r - 23. Let m be p(-14). Suppose m*z = -10, 5*k - 2*z - 361 = -12. Let u = -1 + k. List the prime factors of u.
2, 17
Let n(s) = -s**2 - 12*s + 4. Let u be n(-4). Let p = -32 + u. List the prime factors of p.
2
Suppose -55*g + 21704 + 35111 = 0. What are the prime factors of g?
1033
Suppose -2536 = -16*m + 9448. List the prime factors of m.
7, 107
Let k = 506 - 302. Suppose 640 = -4*g + k. Let m = -75 - g. What are the prime factors of m?
2, 17
Let v be (16/10)/((-6)/(-15)). Suppose -176 = v*q - 0*q. Let l = -29 - q. List the prime factors of l.
3, 5
Let b = -102 - -231. Suppose b = 2*o - 219. What are the prime factors of o?
2, 3, 29
Let m(p) = -7 - 1 + 4*p**2 - 1 - 5*p**2. Let o be m(7). Let i = -32 - o. List the prime factors of i.
2, 13
Suppose -23307 = 47*t - 117495. List the prime factors of t.
2, 3, 167
Suppose 0 = 7*m - 3*m - j - 13, 2*j = 6. Let v(d) = d**3 + 8*d + 5. What are the prime factors of v(m)?
101
Suppose 2 + 21 = v. Suppose 5*k + v = f, k + 15 = f - 16. List the prime factors of f.
3, 11
Let k(n) = 8*n**2 + 16*n + 8. Let v be k(-6). Suppose v = 2*m + 24. What are the prime factors of m?
2, 11
Suppose -8*q - 1400 = -13*q. Let f = q + -101. What are the prime factors of f?
179
Suppose -u = 3*u + 120. Let l = 43 + u. What are the prime factors of l?
13
Suppose 20*l - 19*l - 6 = 0. What are the prime factors of 23/(-1)*(6 + -20 + l)?
2, 23
Let s(u) = -u**3 + 20*u**2 - 38*u + 12. What are the prime factors of s(6)?
2, 3
Let c = -1120 + 2248. Suppose -f + c = 3*f. Suppose f - 95 = 4*v + o, 3*o + 83 = 2*v. List the prime factors of v.
2, 23
Let q(y) = 49*y**2 + 12*y - 29. What are the prime factors of q(5)?
2, 157
Let c = 25 - 27. Let t = -10 + c. List the prime factors of 2 - 2/(8/t).
5
Suppose 0 = 3*w - 12, 4*u = 4*w + 9108 + 280. What are the prime factors of u?
2351
Suppose -3*k + 169 = 5*p, -3*p + 134 = 2*k - 5*p. Let s = k - -10. What are the prime factors of s?
73
Let a = 8 + 12. Let g = 22 - a. Suppose 0 = 5*z + j - 182, j + 68 = g*z - j. What are the prime factors of z?
2, 3
Suppose -3*q + 3098 = 20. What are the prime factors of q?
2, 3, 19
Let d(i) = 2*i**3 - 18*i**2 - i - 8. What are the prime factors of d(10)?
2, 7, 13
Let t(y) = 1 + y**2 + 1 + 1. Let l = 48 - 51. List the prime factors of t(l).
2, 3
Let j(y) = -57*y - 4. Let o(a) = -115*a - 7. Let r(z) = -5*j(z) + 3*o(z). Suppose -9*w + 4 = -13*w. What are the prime factors of r(w)?
59
Let b(u) = -3*u**3 - 2*u**3 - u**2 - 9*u**3. Let z(k) = -k**3 - 5*k**2 + 13*k - 8. Let h be z(-7). What are the prime factors of b(h)?
13
Let i = 100 - -752. List the prime factors of i.
2, 3, 71
Let o(l) = l**2 + 13*l + 6. Let c be o(-13). Let h(j) = 54*j - 57. What are the prime factors of h(c)?
3, 89
Suppose -3*l - l - 3*t = -574, 3*l = -3*t + 429. Let d(z) = -z**2 + 5*z - 4. Let p be d(3). Suppose -3*g + l = p*g. What are the prime factors of g?
29
Let v be (-4)/(-6) - (-7)/3. Suppose v*l + 2*l = 0. Suppose c - f = 16, l = -2*f - 0*f + 4. List the prime factors of c.
2, 3
Suppose 50 = 2*z - 4*w, 2*z - 73 = -3*z - 3*w. Let h = z + -21. List the prime factors of h*((-172)/16 + 2).
5, 7
Suppose -4*s + 33 = 17. Suppose -s*q + 3*q + 34 = 0. What are the prime factors of q?
2, 17
Let q = -605 + 1483. Suppose -8*g - j = -4*g - q, 210 = g + 5*j. What are the prime factors of g?
2, 5, 11
Suppose -65 = 2*b - 5*l + 239, 0 = b + l + 159. Let m = -9 - b. List the prime factors of m.
2, 37
Suppose 2711 = 8*d + 727. List the prime factors of d.
2, 31
Let v = 49 - -234. List the prime factors of v.
283
List the prime factors of (-48)/10*2390/(-8).
2, 3, 239
Suppose 205 + 859 = 8*t. Suppose 3*k = 5*k + 5*y, -2*y = 3*k. Suppose k = -5*m + t + 37. What are the prime factors of m?
2, 17
Let l = 0 + 3. Let u = 9 - 9. Suppose -t - l*t - c + 30 = u, -3*t - 4*c + 29 = 0. List the prime factors of t.
7
Let x be 8/28 + (-618)/7. Let u = 176 + x. What are the prime factors of u?
2, 11
Let g = 23 + -5. Suppose 4*i + 2*p = g, -2*i + i + 27 = 5*p. Suppose i*q - 1 = 35. List the prime factors of q.
2, 3
Let o(x) = x**3 + 11*x**2 + 11*x - 5. Let g be (12/(-8))/(9/48). What are the prime factors of o(g)?
3, 11
Let k(y) be the third derivative of 0*y + 5*y**2 - 5/6*y**3 + 2/3*y**4 + 0. What are the prime factors of k(3)?
43
Suppose 3*j + 2*j + r = 7615, -4*j = -r - 6101. List the prime factors of j.
2, 3, 127
Suppose 566*m - 571*m = -7205. What are the prime factors of m?
11, 131
Suppose 2*v - 1 - 5 = 0. Suppose -h = -5*o - 26, 3*o + v + 9 = 0. Let q(n) = -n**2 + 5*n + 13. List the prime factors of q(h).
7
Suppose 3*w - 109 = -4*a, 3*a + 5*w - 90 = -0*w. Let y = -5 - 12. Let h = a + y. List the prime factors of h.
2
Let c be (-4)/3*(-9)/6. Suppose 63 = g - 2*t, -3*t - 189 = -3*g - c*t. List the prime factors of g.
3, 7
Let q = 58 - 56. Suppose -5*g + q*g + 5*u + 171 = 0, 3*g - 171 = -3*u. List the prime factors of g.
3, 19
Suppose 0 = t - 0 - 14. Suppose t*b - 1320 = 4*b. What are the prime factors of b?
2, 3, 11
Let i(j) = -845*j - 79. List the prime factors of i(-4).
3301
Let b(y) = -y**3 - 4*y**2 - 3*y - 6. Let n = -16 + 17. Let f be n*(-3 + -3) - -1. List the prime factors of b(f).
2, 17
List the prime factors of -5 + (-2 - -167) - (-2 + -1).
163
Let z = 58 - 24. Suppose 6 = r + g, -g = -4*r - 0*g + z. Suppose 0*m = -4*m + r, -3*k = -4*m - 67. List the prime factors of k.
5
Let q = 59 - -21. Suppose -a + 80 = -q. What are the prime factors of a?
2, 5
Let c(u) = -u**3 + 19*u**2 - 8*u + 114. List the prime factors of c(16).
2, 13, 